{"id":234,"date":"2024-10-01T07:28:26","date_gmt":"2024-10-01T07:28:26","guid":{"rendered":"https:\/\/egn-nino-erforschen.de\/?page_id=234"},"modified":"2024-12-17T08:01:31","modified_gmt":"2024-12-17T08:01:31","slug":"sheddaecher","status":"publish","type":"page","link":"https:\/\/egn-nino-erforschen.de\/?page_id=234","title":{"rendered":"Shedd\u00e4cher"},"content":{"rendered":"\n<div class=\"wp-block-columns is-layout-flex wp-container-core-columns-is-layout-28f84493 wp-block-columns-is-layout-flex\">\n<div class=\"wp-block-column is-layout-flow wp-block-column-is-layout-flow\">\n<h4 class=\"wp-block-heading has-text-align-center\">Das Modell:<\/h4>\n\n\n\n<hr class=\"wp-block-separator has-alpha-channel-opacity is-style-wide\"\/>\n<\/div>\n\n\n\n<div class=\"wp-block-column is-layout-flow wp-block-column-is-layout-flow\">\n<h4 class=\"wp-block-heading has-text-align-center\">Fotografien:<\/h4>\n\n\n\n<hr class=\"wp-block-separator has-alpha-channel-opacity is-style-wide\"\/>\n<\/div>\n<\/div>\n\n\n\n<div class=\"wp-block-columns is-layout-flex wp-container-core-columns-is-layout-28f84493 wp-block-columns-is-layout-flex\">\n<div class=\"wp-block-column is-layout-flow wp-block-column-is-layout-flow\">\n<figure class=\"wp-block-image size-large\"><img loading=\"lazy\" decoding=\"async\" width=\"1024\" height=\"683\" src=\"https:\/\/egn-nino-erforschen.de\/wp-content\/uploads\/2024\/10\/DSC04957-1024x683.jpeg\" alt=\"\" class=\"wp-image-310\" srcset=\"https:\/\/egn-nino-erforschen.de\/wp-content\/uploads\/2024\/10\/DSC04957-1024x683.jpeg 1024w, https:\/\/egn-nino-erforschen.de\/wp-content\/uploads\/2024\/10\/DSC04957-300x200.jpeg 300w, https:\/\/egn-nino-erforschen.de\/wp-content\/uploads\/2024\/10\/DSC04957-768x512.jpeg 768w, https:\/\/egn-nino-erforschen.de\/wp-content\/uploads\/2024\/10\/DSC04957-1536x1024.jpeg 1536w, https:\/\/egn-nino-erforschen.de\/wp-content\/uploads\/2024\/10\/DSC04957-2048x1365.jpeg 2048w\" sizes=\"auto, (max-width: 1024px) 100vw, 1024px\" \/><\/figure>\n\n\n\n<figure class=\"wp-block-image size-large\"><img loading=\"lazy\" decoding=\"async\" width=\"1024\" height=\"683\" src=\"https:\/\/egn-nino-erforschen.de\/wp-content\/uploads\/2024\/10\/DSC04996-1024x683.jpeg\" alt=\"\" class=\"wp-image-311\" srcset=\"https:\/\/egn-nino-erforschen.de\/wp-content\/uploads\/2024\/10\/DSC04996-1024x683.jpeg 1024w, https:\/\/egn-nino-erforschen.de\/wp-content\/uploads\/2024\/10\/DSC04996-300x200.jpeg 300w, https:\/\/egn-nino-erforschen.de\/wp-content\/uploads\/2024\/10\/DSC04996-768x512.jpeg 768w, https:\/\/egn-nino-erforschen.de\/wp-content\/uploads\/2024\/10\/DSC04996-1536x1024.jpeg 1536w, https:\/\/egn-nino-erforschen.de\/wp-content\/uploads\/2024\/10\/DSC04996-2048x1365.jpeg 2048w\" sizes=\"auto, (max-width: 1024px) 100vw, 1024px\" \/><\/figure>\n<\/div>\n\n\n\n<div class=\"wp-block-column is-layout-flow wp-block-column-is-layout-flow\">\n<figure class=\"wp-block-image aligncenter size-large is-resized\"><img loading=\"lazy\" decoding=\"async\" width=\"1024\" height=\"728\" src=\"https:\/\/egn-nino-erforschen.de\/wp-content\/uploads\/2024\/10\/DOBI2002908-1024x728.jpg\" alt=\"\" class=\"wp-image-330\" style=\"width:293px;height:auto\" srcset=\"https:\/\/egn-nino-erforschen.de\/wp-content\/uploads\/2024\/10\/DOBI2002908-1024x728.jpg 1024w, https:\/\/egn-nino-erforschen.de\/wp-content\/uploads\/2024\/10\/DOBI2002908-300x213.jpg 300w, https:\/\/egn-nino-erforschen.de\/wp-content\/uploads\/2024\/10\/DOBI2002908-768x546.jpg 768w, https:\/\/egn-nino-erforschen.de\/wp-content\/uploads\/2024\/10\/DOBI2002908.jpg 1325w\" sizes=\"auto, (max-width: 1024px) 100vw, 1024px\" \/><\/figure>\n\n\n\n<figure class=\"wp-block-image aligncenter size-large is-resized\"><img loading=\"lazy\" decoding=\"async\" width=\"1024\" height=\"784\" src=\"https:\/\/egn-nino-erforschen.de\/wp-content\/uploads\/2024\/10\/IMG_4501-1024x784.jpeg\" alt=\"\" class=\"wp-image-319\" style=\"width:272px;height:auto\" srcset=\"https:\/\/egn-nino-erforschen.de\/wp-content\/uploads\/2024\/10\/IMG_4501-1024x784.jpeg 1024w, https:\/\/egn-nino-erforschen.de\/wp-content\/uploads\/2024\/10\/IMG_4501-300x230.jpeg 300w, https:\/\/egn-nino-erforschen.de\/wp-content\/uploads\/2024\/10\/IMG_4501-768x588.jpeg 768w, https:\/\/egn-nino-erforschen.de\/wp-content\/uploads\/2024\/10\/IMG_4501-1536x1176.jpeg 1536w, https:\/\/egn-nino-erforschen.de\/wp-content\/uploads\/2024\/10\/IMG_4501.jpeg 1712w\" sizes=\"auto, (max-width: 1024px) 100vw, 1024px\" \/><\/figure>\n<\/div>\n<\/div>\n\n\n\n<hr class=\"wp-block-separator has-alpha-channel-opacity is-style-wide\"\/>\n\n\n\n<p>Die meiste Fl\u00e4che des Nino-Areals nahmen die Shedd\u00e4cher ein. In den einzelnen Hallen befanden sich verschiedene Produktionsst\u00e4dten, z.B. Spinnerei, Zwirnerei, Garnf\u00e4rberei und Schlosserei. Shedd\u00e4cher waren besonders funktional, da die D\u00e4cher eine besondere Bauweise hatten und somit die meiste Zeit des Tages, Tageslicht durch die Fenster schien. <\/p>\n\n\n\n<hr class=\"wp-block-separator has-alpha-channel-opacity is-style-wide\"\/>\n","protected":false},"excerpt":{"rendered":"<p>Das Modell: Fotografien: Die meiste Fl\u00e4che des Nino-Areals nahmen die Shedd\u00e4cher ein. In den einzelnen Hallen befanden sich verschiedene Produktionsst\u00e4dten, z.B. Spinnerei, Zwirnerei, Garnf\u00e4rberei und Schlosserei. Shedd\u00e4cher waren besonders funktional, da die D\u00e4cher eine besondere Bauweise hatten und somit die meiste Zeit des Tages, Tageslicht durch die Fenster schien.<\/p>\n","protected":false},"author":4,"featured_media":0,"parent":75,"menu_order":0,"comment_status":"closed","ping_status":"closed","template":"","meta":{"footnotes":""},"class_list":["post-234","page","type-page","status-publish","hentry"],"_links":{"self":[{"href":"https:\/\/egn-nino-erforschen.de\/index.php?rest_route=\/wp\/v2\/pages\/234","targetHints":{"allow":["GET"]}}],"collection":[{"href":"https:\/\/egn-nino-erforschen.de\/index.php?rest_route=\/wp\/v2\/pages"}],"about":[{"href":"https:\/\/egn-nino-erforschen.de\/index.php?rest_route=\/wp\/v2\/types\/page"}],"author":[{"embeddable":true,"href":"https:\/\/egn-nino-erforschen.de\/index.php?rest_route=\/wp\/v2\/users\/4"}],"replies":[{"embeddable":true,"href":"https:\/\/egn-nino-erforschen.de\/index.php?rest_route=%2Fwp%2Fv2%2Fcomments&post=234"}],"version-history":[{"count":4,"href":"https:\/\/egn-nino-erforschen.de\/index.php?rest_route=\/wp\/v2\/pages\/234\/revisions"}],"predecessor-version":[{"id":375,"href":"https:\/\/egn-nino-erforschen.de\/index.php?rest_route=\/wp\/v2\/pages\/234\/revisions\/375"}],"up":[{"embeddable":true,"href":"https:\/\/egn-nino-erforschen.de\/index.php?rest_route=\/wp\/v2\/pages\/75"}],"wp:attachment":[{"href":"https:\/\/egn-nino-erforschen.de\/index.php?rest_route=%2Fwp%2Fv2%2Fmedia&parent=234"}],"curies":[{"name":"wp","href":"https:\/\/api.w.org\/{rel}","templated":true}]}}