{"id":222,"date":"2024-10-01T07:22:59","date_gmt":"2024-10-01T07:22:59","guid":{"rendered":"https:\/\/egn-nino-erforschen.de\/?page_id=222"},"modified":"2024-12-16T13:29:25","modified_gmt":"2024-12-16T13:29:25","slug":"hochbau","status":"publish","type":"page","link":"https:\/\/egn-nino-erforschen.de\/?page_id=222","title":{"rendered":"Hochbau"},"content":{"rendered":"\n<div class=\"wp-block-columns is-layout-flex wp-container-core-columns-is-layout-28f84493 wp-block-columns-is-layout-flex\">\n<div class=\"wp-block-column is-vertically-aligned-stretch is-layout-flow wp-block-column-is-layout-flow\">\n<h4 class=\"wp-block-heading has-text-align-center\"><mark style=\"background-color:rgba(0, 0, 0, 0)\" class=\"has-inline-color has-foreground-color\">Das Modell: <\/mark><\/h4>\n\n\n\n<hr class=\"wp-block-separator has-alpha-channel-opacity is-style-wide\"\/>\n<\/div>\n\n\n\n<div class=\"wp-block-column is-vertically-aligned-stretch is-layout-flow wp-block-column-is-layout-flow\">\n<h4 class=\"wp-block-heading has-text-align-center\" style=\"padding-top:0;padding-bottom:0\"> Fotografien:<\/h4>\n\n\n\n<hr class=\"wp-block-separator has-alpha-channel-opacity is-style-wide\"\/>\n<\/div>\n<\/div>\n\n\n\n<div class=\"wp-block-columns is-layout-flex wp-container-core-columns-is-layout-28f84493 wp-block-columns-is-layout-flex\">\n<div class=\"wp-block-column is-layout-flow wp-block-column-is-layout-flow\">\n<figure class=\"wp-block-image size-large\"><img loading=\"lazy\" decoding=\"async\" width=\"1024\" height=\"683\" src=\"https:\/\/egn-nino-erforschen.de\/wp-content\/uploads\/2024\/10\/DSC04873-1-1-1024x683.jpeg\" alt=\"\" class=\"wp-image-280\" srcset=\"https:\/\/egn-nino-erforschen.de\/wp-content\/uploads\/2024\/10\/DSC04873-1-1-1024x683.jpeg 1024w, https:\/\/egn-nino-erforschen.de\/wp-content\/uploads\/2024\/10\/DSC04873-1-1-300x200.jpeg 300w, https:\/\/egn-nino-erforschen.de\/wp-content\/uploads\/2024\/10\/DSC04873-1-1-768x512.jpeg 768w, https:\/\/egn-nino-erforschen.de\/wp-content\/uploads\/2024\/10\/DSC04873-1-1-1536x1024.jpeg 1536w, https:\/\/egn-nino-erforschen.de\/wp-content\/uploads\/2024\/10\/DSC04873-1-1-2048x1365.jpeg 2048w\" sizes=\"auto, (max-width: 1024px) 100vw, 1024px\" \/><\/figure>\n\n\n\n<figure class=\"wp-block-image size-large\"><img loading=\"lazy\" decoding=\"async\" width=\"1024\" height=\"683\" src=\"https:\/\/egn-nino-erforschen.de\/wp-content\/uploads\/2024\/10\/DSC04871-2-1024x683.jpeg\" alt=\"\" class=\"wp-image-282\" srcset=\"https:\/\/egn-nino-erforschen.de\/wp-content\/uploads\/2024\/10\/DSC04871-2-1024x683.jpeg 1024w, https:\/\/egn-nino-erforschen.de\/wp-content\/uploads\/2024\/10\/DSC04871-2-300x200.jpeg 300w, https:\/\/egn-nino-erforschen.de\/wp-content\/uploads\/2024\/10\/DSC04871-2-768x512.jpeg 768w, https:\/\/egn-nino-erforschen.de\/wp-content\/uploads\/2024\/10\/DSC04871-2-1536x1024.jpeg 1536w, https:\/\/egn-nino-erforschen.de\/wp-content\/uploads\/2024\/10\/DSC04871-2-2048x1365.jpeg 2048w\" sizes=\"auto, (max-width: 1024px) 100vw, 1024px\" \/><\/figure>\n<\/div>\n\n\n\n<div class=\"wp-block-column is-layout-flow wp-block-column-is-layout-flow\">\n<figure class=\"wp-block-image size-large is-resized\"><img loading=\"lazy\" decoding=\"async\" width=\"1024\" height=\"729\" src=\"https:\/\/egn-nino-erforschen.de\/wp-content\/uploads\/2024\/10\/IMG_4514-1-1024x729.jpeg\" alt=\"\" class=\"wp-image-315\" style=\"width:294px;height:auto\" srcset=\"https:\/\/egn-nino-erforschen.de\/wp-content\/uploads\/2024\/10\/IMG_4514-1-1024x729.jpeg 1024w, https:\/\/egn-nino-erforschen.de\/wp-content\/uploads\/2024\/10\/IMG_4514-1-300x214.jpeg 300w, https:\/\/egn-nino-erforschen.de\/wp-content\/uploads\/2024\/10\/IMG_4514-1-768x547.jpeg 768w, https:\/\/egn-nino-erforschen.de\/wp-content\/uploads\/2024\/10\/IMG_4514-1-1536x1094.jpeg 1536w, https:\/\/egn-nino-erforschen.de\/wp-content\/uploads\/2024\/10\/IMG_4514-1.jpeg 2048w\" sizes=\"auto, (max-width: 1024px) 100vw, 1024px\" \/><\/figure>\n\n\n\n<figure class=\"wp-block-image aligncenter size-full is-resized\"><img loading=\"lazy\" decoding=\"async\" width=\"658\" height=\"498\" src=\"https:\/\/egn-nino-erforschen.de\/wp-content\/uploads\/2024\/10\/IMG_4502.jpg\" alt=\"\" class=\"wp-image-356\" style=\"width:276px;height:auto\" srcset=\"https:\/\/egn-nino-erforschen.de\/wp-content\/uploads\/2024\/10\/IMG_4502.jpg 658w, https:\/\/egn-nino-erforschen.de\/wp-content\/uploads\/2024\/10\/IMG_4502-300x227.jpg 300w\" sizes=\"auto, (max-width: 658px) 100vw, 658px\" \/><\/figure>\n<\/div>\n<\/div>\n\n\n\n<hr class=\"wp-block-separator has-alpha-channel-opacity is-style-wide\"\/>\n\n\n\n<p>Der 1928\/29 erbaute Hochbau bestand aus f\u00fcnf Geschossen und vier T\u00fcrmen. Dieser war zudem unterkellert und hatte einen zweigeschossigen Anbau im Osten. Eine Wassersprinkleranlage war im gr\u00f6\u00dftem Turm untergebracht, 40.9 Meter hoch war. Der Nordwestturm war ein Staubturm und in den anderen T\u00fcrmen waren Sanit\u00e4rr\u00e4ume und Treppenh\u00e4user. Das Untergeschoss diente als Garnlager und Staubkeller, wohingegen das Erdgeschoss Baumwolllager und Batteur war. In den Obergeschossen befanden sich die eigentlichen Spinnereis\u00e4le, durch die der Spinnereihochbau seinen Namen bekam. Auf der insgesamt 2000 Quadratmeter gro\u00dfen Fl\u00e4che befindet sich heute das Kompetenzzentrum Wirtschaft. <\/p>\n\n\n\n<hr class=\"wp-block-separator has-alpha-channel-opacity is-style-wide\"\/>\n","protected":false},"excerpt":{"rendered":"<p>Das Modell: Fotografien: Der 1928\/29 erbaute Hochbau bestand aus f\u00fcnf Geschossen und vier T\u00fcrmen. Dieser war zudem unterkellert und hatte einen zweigeschossigen Anbau im Osten. Eine Wassersprinkleranlage war im gr\u00f6\u00dftem Turm untergebracht, 40.9 Meter hoch war. Der Nordwestturm war ein Staubturm und in den anderen T\u00fcrmen waren Sanit\u00e4rr\u00e4ume und Treppenh\u00e4user. Das Untergeschoss diente als Garnlager [&hellip;]<\/p>\n","protected":false},"author":4,"featured_media":0,"parent":75,"menu_order":0,"comment_status":"closed","ping_status":"closed","template":"unterseiten","meta":{"footnotes":""},"class_list":["post-222","page","type-page","status-publish","hentry"],"_links":{"self":[{"href":"https:\/\/egn-nino-erforschen.de\/index.php?rest_route=\/wp\/v2\/pages\/222","targetHints":{"allow":["GET"]}}],"collection":[{"href":"https:\/\/egn-nino-erforschen.de\/index.php?rest_route=\/wp\/v2\/pages"}],"about":[{"href":"https:\/\/egn-nino-erforschen.de\/index.php?rest_route=\/wp\/v2\/types\/page"}],"author":[{"embeddable":true,"href":"https:\/\/egn-nino-erforschen.de\/index.php?rest_route=\/wp\/v2\/users\/4"}],"replies":[{"embeddable":true,"href":"https:\/\/egn-nino-erforschen.de\/index.php?rest_route=%2Fwp%2Fv2%2Fcomments&post=222"}],"version-history":[{"count":7,"href":"https:\/\/egn-nino-erforschen.de\/index.php?rest_route=\/wp\/v2\/pages\/222\/revisions"}],"predecessor-version":[{"id":368,"href":"https:\/\/egn-nino-erforschen.de\/index.php?rest_route=\/wp\/v2\/pages\/222\/revisions\/368"}],"up":[{"embeddable":true,"href":"https:\/\/egn-nino-erforschen.de\/index.php?rest_route=\/wp\/v2\/pages\/75"}],"wp:attachment":[{"href":"https:\/\/egn-nino-erforschen.de\/index.php?rest_route=%2Fwp%2Fv2%2Fmedia&parent=222"}],"curies":[{"name":"wp","href":"https:\/\/api.w.org\/{rel}","templated":true}]}}